(-3). Suppose -g*z = -4*s + 38 + 40, 6 = 2*z. What is the units digit of s?
1
Let x be (-12)/(-9)*651/28. Let b = x - 26. Suppose 0 = 6*c - c - 15, -3*c + 254 = b*k. What is the tens digit of k?
4
Let h(x) be the second derivative of -35*x**3/3 + 7*x**2 - x + 107. What is the units digit of h(-6)?
4
Suppose -126094 - 14107 = 27*g - 46*g. What is the tens digit of g?
7
Let w(a) = 3020*a + 269. What is the ten thousands digit of w(4)?
1
Suppose 23*l - 21*l = -s + 1074, 0 = -4*l + 5*s + 2162. What is the tens digit of l?
3
What is the tens digit of -1*(-3 + ((-222248)/39)/((-1)/(-3)))?
9
Let a(k) = k**2 - 50*k + 24. Let v = 211 + -229. What is the thousands digit of a(v)?
1
Let y = -31 - -47. Let z(c) = 4*c - 19. What is the tens digit of z(y)?
4
Let g be (-358)/(-8) + (-3)/(-12) + 4. Suppose 52965 = -16*l + g*l. What is the hundreds digit of l?
6
Let g be 2/(-10) - 132/(-60). Suppose 0 = -l + t + 25, 2 = -g*t - 0*t. What is the tens digit of (l - 10)*20/14?
2
Let v = -29 - -33. Suppose -v + 4 = 3*u. Suppose -4*g - 5*i + 457 = u, 7*g - i - 593 = 2*g. What is the units digit of g?
8
Let l = 362 + -180. Suppose 5*s - p = -379, -5*p = -3*s + 4*s + 55. Let r = l + s. What is the tens digit of r?
0
Let c = -1594 + 21578. What is the tens digit of c?
8
Suppose 24 = 36*p - 28*p. Suppose 325 = p*m - 5*z, -m + 2*m - 107 = 2*z. Let n = -51 + m. What is the units digit of n?
4
Suppose 3002388 = 262*o - 1558246. What is the ten thousands digit of o?
1
Let q = 326 + -439. Suppose -2*x - 193 = -3*x. Let r = x + q. What is the units digit of r?
0
Let f be -2 - -2 - ((-7)/5)/(129/645). Let c(n) = 12*n - 38 - 2*n + 5*n. What is the units digit of c(f)?
7
Suppose a - 5*f - 1052 = 1472, 3*f - 7608 = -3*a. Let p = -1773 + a. What is the hundreds digit of p?
7
Let i(d) = 8757*d**2 + 22*d + 35. What is the ten thousands digit of i(-2)?
3
Suppose 0*v - 15 = -3*t - 3*v, t + 3*v = -3. Suppose -t*i + 36 = -0*i. Suppose 5*a + 425 + 195 = i*p, 2*a - 592 = -4*p. What is the hundreds digit of p?
1
Suppose 3*w + 21 = 3*j, -3*j + w - 11 = 6*w. Let l be j/12 + 1 + (-459)/(-4). Suppose -k + 2*k - l = 0. What is the units digit of k?
6
Suppose 25*x = 30*x + 3*i - 6624, 5309 = 4*x + i. What is the thousands digit of x?
1
Suppose -392138 - 126150 = -58*h. What is the thousands digit of h?
8
Let u = -6962 + 11933. What is the tens digit of u?
7
Suppose 0 = -4*i + 9 + 3. Suppose 0 = -4*t + b + 12, -3*t = -4*b - i - 6. Suppose 0 = -4*y - 8, -3*z + t*y = -7*z + 526. What is the hundreds digit of z?
1
Suppose 2*b - 60 = 4*b. Let x be (-2)/10 + (-1536)/b. Let d = x + 11. What is the tens digit of d?
6
Let x(u) = -42*u**3 + 21*u**3 - 19*u**2 - 7*u + 22*u**3. What is the units digit of x(21)?
5
Suppose 2*u + 3*z = 23042, -13*u = -10*u + 3*z - 34557. What is the thousands digit of u?
1
Suppose 5*x - 8*f = -13*f + 25930, 0 = -3*f + 15. What is the hundreds digit of x?
1
Let c = 1648 + -1165. Suppose -o + 5*x + c = 0, 1954 = -0*o + 4*o + 2*x. Let r = o - 312. What is the units digit of r?
6
Suppose 15 = -5*s, g - 14*s + 11 = -15*s. What is the hundreds digit of g/18*47322/(-44)?
4
Suppose 0 = 7*f - 2*f + 1735. Let c = 735 + f. Suppose -10*k + c = -6*k. What is the units digit of k?
7
Suppose q + 11*q - 55731 - 30237 = 0. What is the thousands digit of q?
7
What is the tens digit of (((-5060)/33)/10)/(1/(-1158))?
5
Let q(v) = -481*v - 855. What is the hundreds digit of q(-78)?
6
What is the tens digit of 107*(32/(-5))/(2/(-15))?
3
Let n(g) = 401*g + 1. Let r be n(3). Suppose 3*f + 298 = r. What is the hundreds digit of 1/3 + f/3?
1
Let r(u) = 3393*u**2 - 91*u - 6. What is the thousands digit of r(3)?
0
Let m(b) = 23*b**2 - 13*b + 47. Let k(s) = 12*s**2 - 6*s + 24. Let d(w) = -7*k(w) + 4*m(w). Let c be d(6). Let a = c + -173. What is the units digit of a?
5
Let s(i) be the third derivative of -17*i**5/120 - 7*i**4/8 - 17*i**3/6 + 2*i**2. Let g(x) be the first derivative of s(x). What is the tens digit of g(-8)?
1
Suppose 8*p - 29479 + 367 = 0. Suppose 0*t + 5*t - 4545 = -5*x, 4*t - p = -5*x. Suppose 4*u - t = -98. What is the units digit of u?
2
Let a = 24576 + -10803. What is the units digit of a?
3
Let u(x) = 216*x - 2158. What is the tens digit of u(60)?
0
Let q be (-9)/7 - -1 - (-1970)/35. Suppose l = 5*l - q. Suppose 0 = -9*o + l*o - 365. What is the tens digit of o?
7
Suppose -5*b = 5*w + 212 - 1222, 2*w - 5*b - 376 = 0. Let d = 156 + w. What is the units digit of d?
4
Let j(m) = 40*m**3 - 21*m**2 - 2*m + 4. Let q(a) = 14*a**3 - 7*a**2 - a + 1. Let x(c) = 6*j(c) - 17*q(c). What is the hundreds digit of x(7)?
3
Suppose 0 = 4*w + 12, -2*m - 15*w = -20*w - 6667. What is the units digit of m?
6
Let m = -23431 - -48076. What is the ten thousands digit of m?
2
Let n(c) = 8*c**2 - 2*c - 1. Let j be n(1). Let k(b) = b**3 - 6*b**2 + 4*b + 2. Let t be k(j). Let g(r) = 4*r**2 + r + 7. What is the tens digit of g(t)?
4
Let k = -10419 + 26513. What is the hundreds digit of k?
0
What is the thousands digit of ((-1)/(-1) + 18)/((-6 + 10)/1052)?
4
Suppose 26*r - 37701 = 484483. What is the hundreds digit of r?
0
What is the ten thousands digit of (-32)/5*3503370/(-676)?
3
Let m(q) = -5*q**2 - 116*q + 100. Let h(j) = 0*j**2 + 20 - 19*j**2 + 10*j**2 - 23*j + 8*j**2. Let s(d) = 11*h(d) - 2*m(d). What is the units digit of s(-17)?
8
Suppose -2*i - 3046 = 3*q, 5070 = -11*q + 6*q - 5*i. Let z = -595 - q. What is the hundreds digit of z?
4
Let h(b) = b**2 + 8*b + 89. Let j be h(-27). Suppose 2*i = -q + 1128 + 71, 3*q = -i + j. What is the hundreds digit of i?
5
Suppose -3*s - 118 = -5*u + 91, -10 = 2*u. Let r = s + 355. What is the tens digit of r?
7
Let m be ((-54)/21)/((-3)/(-14) + 0). What is the tens digit of (-5338)/(-10) - m*4/(-60)?
3
Suppose -r + 8 = 0, -4*r - 8877 = -5*p - 2869. What is the units digit of p?
8
Let c(h) = -2784*h**3 + 11*h**2 + 5*h - 18. What is the hundreds digit of c(-2)?
2
Suppose -4*i - d = 2*d + 18, 2*i + 6 = -3*d. Let l be (i/2 + 683)/1. Suppose 5*g - 4*z = 4*g + 188, -4*g - 2*z = -l. What is the units digit of g?
2
Let w = -83 + 78. Let x(d) = d**3 + 5*d**2 + 8*d - 1. Let i be x(-6). What is the tens digit of 8*(i/(-10) + w)?
2
Suppose 2*c + 6 = 0, 0 = -4*i - 5*c + 42459 + 60718. What is the hundreds digit of i?
7
Let k be (551/(-76))/(2/(-8)). Let x(j) = k + 2*j + 6*j - j**2 + 3 - 5*j. What is the units digit of x(0)?
2
Let c(x) = 8239*x - 768. What is the thousands digit of c(7)?
6
Suppose -21 = -4*x - 5*r + 15, 4*r + 16 = 0. Suppose -19*p + 10 = -x*p. Suppose 5*s = m + 405, 5*s - 4*m + p*m = 400. What is the units digit of s?
2
Let g = -1128 - -20437. What is the hundreds digit of g?
3
What is the units digit of (80/(-3))/((-70)/50715) + 9?
9
Suppose 16 = -3*l - 2*a + 9, 0 = 3*l - 2*a - 1. Let z(u) = u - 4. Let b be z(2). What is the tens digit of (-71 - (1 + b))*l?
7
Let g(z) = -89*z + 54. Let a(x) = -352*x + 216. Let u(p) = 4*a(p) - 18*g(p). What is the tens digit of u(6)?
5
What is the tens digit of 3/15 + (1431456/(-65))/(-3)?
4
Let p(x) = 14*x - 2*x + 37*x + 50. What is the hundreds digit of p(14)?
7
Let d(x) = -4*x - 32. Let w be d(-10). Suppose -6*b = -w*b. Suppose b = -2*t - 6, -n - 2*t + 3*t + 54 = 0. What is the tens digit of n?
5
Let i be (8 - 6)/((-2)/(-70)). Suppose -j = 6*j + i. What is the tens digit of (-2745)/(-33) - j/(-55)?
8
Let o = -1862 - -3211. Let g = 2643 - o. What is the hundreds digit of g?
2
Suppose -y - 3*y + 1036 = 0. Suppose -4*d = -d + 4*m - 343, -3*d + 347 = 5*m. Let h = y - d. What is the units digit of h?
0
Suppose -1419*w = -1278*w - 11585124. What is the hundreds digit of w?
1
Let p(h) be the first derivative of 35*h**2 - 2*h + 34. Let z be p(2). Suppose -n + 0*c = -c - 144, -4*c = -n + z. What is the hundreds digit of n?
1
Suppose -360 = -10*b + 2*b. Let h = b - 69. What is the hundreds digit of (-1428)/h*(-24)/(-14)?
1
Let d(o) = -o - 35. Let f be d(-35). Suppose 0 = -4*t - 2*i + 1372, -5*t - 6*i + 4*i + 1713 = f. What is the hundreds digit of t?
3
Let j(b) = -9*b**2 - 4*b**2 - 9 + 17*b + b**3 + 22 + 9*b**2. What is the hundreds digit of j(9)?
5
Suppose 15022 = -3*q - 2*q + 12*q. What is the tens digit of q?
4
Suppose 134 = 4*k - l, 2*k + 3*k = -3*l + 159. Let y(f) = 30 + 9 + 4 - k*f + 38*f. What is the tens digit of y(20)?
4
Let b = 